{"id":6560,"date":"2026-02-16T18:42:27","date_gmt":"2026-02-16T18:42:27","guid":{"rendered":"https:\/\/goride.it\/?post_type=product&#038;p=6560"},"modified":"2026-03-05T18:37:10","modified_gmt":"2026-03-05T18:37:10","slug":"kaabo-mantis-x-plus-scooter","status":"publish","type":"product","link":"https:\/\/goride.it\/?product=kaabo-mantis-x-plus-scooter","title":{"rendered":"Kaabo Mantis X Plus Scooter"},"content":{"rendered":"<h2><strong>Potenza per la citt\u00e0. Spirito per la strada.<\/strong><\/h2>\n<p>Con una maneggevolezza agile e una potenza sicura, la Mantis X Plus porta un senso di avventura in ogni viaggio. Progettata per le strade cittadine ma pronta ad affrontare ogni imprevisto, ti permette di esplorare secondo i tuoi ritmi e di seguire il tuo ritmo in libert\u00e0.<\/p>\n<h3><strong>Potenza inarrestabile, ovunque tu vada.<\/strong><\/h3>\n<p>Spinta da un potente sistema a doppio motore, la Mantis X Plus offre accelerazione e controllo sicuri.<br \/>\nPercorri le strade cittadine fino a 50 km\/h e percorri distanze maggiori con un&#8217;autonomia fino a 74 km: progettata per affrontare ogni viaggio con facilit\u00e0.<\/p>\n<div class=\"kb_vot-txt\">\n<p><img fetchpriority=\"high\" decoding=\"async\" class=\"aligncenter wp-image-6570 size-full\" src=\"https:\/\/goride.it\/wp-content\/uploads\/2026\/02\/kaabo-mantis-x-plus-_display.webp\" alt=\"\" width=\"1600\" height=\"1600\" srcset=\"https:\/\/goride.it\/wp-content\/uploads\/2026\/02\/kaabo-mantis-x-plus-_display.webp 1600w, https:\/\/goride.it\/wp-content\/uploads\/2026\/02\/kaabo-mantis-x-plus-_display-300x300.webp 300w, https:\/\/goride.it\/wp-content\/uploads\/2026\/02\/kaabo-mantis-x-plus-_display-1024x1024.webp 1024w, https:\/\/goride.it\/wp-content\/uploads\/2026\/02\/kaabo-mantis-x-plus-_display-150x150.webp 150w, https:\/\/goride.it\/wp-content\/uploads\/2026\/02\/kaabo-mantis-x-plus-_display-768x768.webp 768w, https:\/\/goride.it\/wp-content\/uploads\/2026\/02\/kaabo-mantis-x-plus-_display-1536x1536.webp 1536w, https:\/\/goride.it\/wp-content\/uploads\/2026\/02\/kaabo-mantis-x-plus-_display-600x600.webp 600w, https:\/\/goride.it\/wp-content\/uploads\/2026\/02\/kaabo-mantis-x-plus-_display-100x100.webp 100w\" sizes=\"(max-width: 1600px) 100vw, 1600px\" \/><\/p>\n<div class=\"row__text-item\">\n<p><img decoding=\"async\" src=\"https:\/\/www.kaabousa.com\/cdn\/shop\/files\/dual_motor_556f6082-2029-449c-a47f-69a54480bf68_45x.png?v=1683896049\" \/><strong>Potenza che risponde all&#8217;istante<\/strong><\/p>\n<p>Mantis X Plus offre un&#8217;accelerazione fluida e potente grazie ai due motori, rendendo le partenze rapide, le salite pi\u00f9 facili e ogni pedalata risulta controllata e senza sforzo.<\/p>\n<p><img decoding=\"async\" src=\"https:\/\/www.kaabousa.com\/cdn\/shop\/files\/torque_f2f26522-207c-4e5f-b83f-dfec762e4a3f_45x.png?v=1683896092\" \/><strong>Sali in sicurezza<\/strong><\/p>\n<p>Mantis X Plus affronta salite ripide con facilit\u00e0, mantenendo una velocit\u00e0 costante su pendii, ponti e strade cittadine impegnative, per una guida sicura.<\/p>\n<p><strong>Comfort che ti segue<\/strong><\/p>\n<p>Progettato per assorbire le asperit\u00e0 della strada e rendere ogni pedalata fluida, Mantis X Plus combina sospensioni dalla taratura avanzata con pneumatici larghi adatti a tutti i terreni, offrendo stabilit\u00e0, controllo e comfort duraturo sulle superfici urbane.<\/p>\n<\/div>\n<div class=\"row__text-item\">\n<div class=\"row_info\">\n<div class=\"row__text-item\">\n<p><img decoding=\"async\" src=\"https:\/\/www.kaabousa.com\/cdn\/shop\/files\/dual_absorbers_56449421-ef85-4364-8ba6-0b34679c3f6c_45x.png?v=1708849598\" \/><strong>Fluido e stabile su ogni superficie<\/strong><\/p>\n<p>Il Mantis X Plus \u00e8 dotato di sospensioni idrauliche anteriori e posteriori regolabili che assorbono le asperit\u00e0 per una guida fluida e stabile, con un design resistente che offre solidit\u00e0 e affidabilit\u00e0 ogni giorno.<\/p>\n<\/div>\n<div class=\"row__text-item\">\n<p><img decoding=\"async\" src=\"https:\/\/www.kaabousa.com\/cdn\/shop\/files\/suspension_04e5bebf-0073-4033-9c21-b151692f6bb2_45x.png?v=1683896189\" \/><strong>Aderenza sicura su qualsiasi strada<\/strong><\/p>\n<p>Il Mantis X Plus \u00e8 dotato di pneumatici larghi adatti a tutti i terreni per un&#8217;aderenza ottimale, una maneggevolezza fluida e un controllo stabile su strade urbane e superfici sconnesse.<\/p>\n<div class=\"row_info\">\n<p><img decoding=\"async\" class=\"aligncenter wp-image-6569 size-full\" src=\"https:\/\/goride.it\/wp-content\/uploads\/2026\/02\/kaabo-mantis-x-plus-electric-scooter-deck_-detail.webp\" alt=\"\" width=\"1600\" height=\"1600\" srcset=\"https:\/\/goride.it\/wp-content\/uploads\/2026\/02\/kaabo-mantis-x-plus-electric-scooter-deck_-detail.webp 1600w, https:\/\/goride.it\/wp-content\/uploads\/2026\/02\/kaabo-mantis-x-plus-electric-scooter-deck_-detail-300x300.webp 300w, https:\/\/goride.it\/wp-content\/uploads\/2026\/02\/kaabo-mantis-x-plus-electric-scooter-deck_-detail-1024x1024.webp 1024w, https:\/\/goride.it\/wp-content\/uploads\/2026\/02\/kaabo-mantis-x-plus-electric-scooter-deck_-detail-150x150.webp 150w, https:\/\/goride.it\/wp-content\/uploads\/2026\/02\/kaabo-mantis-x-plus-electric-scooter-deck_-detail-768x768.webp 768w, https:\/\/goride.it\/wp-content\/uploads\/2026\/02\/kaabo-mantis-x-plus-electric-scooter-deck_-detail-1536x1536.webp 1536w, https:\/\/goride.it\/wp-content\/uploads\/2026\/02\/kaabo-mantis-x-plus-electric-scooter-deck_-detail-600x600.webp 600w, https:\/\/goride.it\/wp-content\/uploads\/2026\/02\/kaabo-mantis-x-plus-electric-scooter-deck_-detail-100x100.webp 100w\" sizes=\"(max-width: 1600px) 100vw, 1600px\" \/><\/p>\n<p><strong>Frenata affidabile di cui ti puoi fidare<\/strong><\/p>\n<p>Il Mantis X Plus utilizza doppi freni a disco con frenata elettronica e ABS per una potenza frenante potente e stabile e un migliore controllo nelle frenate improvvise o a velocit\u00e0 elevate.<\/p>\n<div class=\"rte appear-delay-1\">\n<p><img decoding=\"async\" class=\"aligncenter wp-image-6563 size-full\" src=\"https:\/\/goride.it\/wp-content\/uploads\/2026\/02\/DSC06968.jpg\" alt=\"\" width=\"1080\" height=\"720\" srcset=\"https:\/\/goride.it\/wp-content\/uploads\/2026\/02\/DSC06968.jpg 1080w, https:\/\/goride.it\/wp-content\/uploads\/2026\/02\/DSC06968-300x200.jpg 300w, https:\/\/goride.it\/wp-content\/uploads\/2026\/02\/DSC06968-1024x683.jpg 1024w, https:\/\/goride.it\/wp-content\/uploads\/2026\/02\/DSC06968-768x512.jpg 768w, https:\/\/goride.it\/wp-content\/uploads\/2026\/02\/DSC06968-600x400.jpg 600w\" sizes=\"(max-width: 1080px) 100vw, 1080px\" \/><\/p>\n<p><strong>Vedi ed essere visto, di giorno e di notte<\/strong><\/p>\n<p>Mantis X Plus \u00e8 dotato di luci anteriori luminose, luci laterali RGB regolabili, illuminazione posteriore e indicatori di direzione per garantirti visibilit\u00e0 e sicurezza nel traffico o in condizioni di scarsa illuminazione.<\/p>\n<div class=\"rte appear-delay-1\">\n<p><img loading=\"lazy\" decoding=\"async\" class=\"aligncenter wp-image-6564 size-full\" src=\"https:\/\/goride.it\/wp-content\/uploads\/2026\/02\/mantis_x_light.webp\" alt=\"\" width=\"1080\" height=\"720\" srcset=\"https:\/\/goride.it\/wp-content\/uploads\/2026\/02\/mantis_x_light.webp 1080w, https:\/\/goride.it\/wp-content\/uploads\/2026\/02\/mantis_x_light-300x200.webp 300w, https:\/\/goride.it\/wp-content\/uploads\/2026\/02\/mantis_x_light-1024x683.webp 1024w, https:\/\/goride.it\/wp-content\/uploads\/2026\/02\/mantis_x_light-768x512.webp 768w, https:\/\/goride.it\/wp-content\/uploads\/2026\/02\/mantis_x_light-600x400.webp 600w\" sizes=\"(max-width: 1080px) 100vw, 1080px\" \/><\/p>\n<\/div>\n<\/div>\n<\/div>\n<\/div>\n<\/div>\n<\/div>\n<\/div>\n","protected":false},"excerpt":{"rendered":"<p>Monopattino Kaabo Mantis X Plus. Potenza per la citt\u00e0. Spirito per la strada.<\/p>\n","protected":false},"featured_media":6565,"comment_status":"open","ping_status":"closed","template":"","meta":[],"product_brand":[40],"product_cat":[41],"product_tag":[],"class_list":{"0":"post-6560","1":"product","2":"type-product","3":"status-publish","4":"has-post-thumbnail","6":"product_brand-kaabo","7":"product_cat-kaabo","8":"product_shipping_class-every-item","10":"first","11":"instock","12":"shipping-taxable","13":"purchasable","14":"product-type-variable"},"_links":{"self":[{"href":"https:\/\/goride.it\/index.php?rest_route=\/wp\/v2\/product\/6560","targetHints":{"allow":["GET"]}}],"collection":[{"href":"https:\/\/goride.it\/index.php?rest_route=\/wp\/v2\/product"}],"about":[{"href":"https:\/\/goride.it\/index.php?rest_route=\/wp\/v2\/types\/product"}],"replies":[{"embeddable":true,"href":"https:\/\/goride.it\/index.php?rest_route=%2Fwp%2Fv2%2Fcomments&post=6560"}],"version-history":[{"count":4,"href":"https:\/\/goride.it\/index.php?rest_route=\/wp\/v2\/product\/6560\/revisions"}],"predecessor-version":[{"id":7951,"href":"https:\/\/goride.it\/index.php?rest_route=\/wp\/v2\/product\/6560\/revisions\/7951"}],"wp:featuredmedia":[{"embeddable":true,"href":"https:\/\/goride.it\/index.php?rest_route=\/wp\/v2\/media\/6565"}],"wp:attachment":[{"href":"https:\/\/goride.it\/index.php?rest_route=%2Fwp%2Fv2%2Fmedia&parent=6560"}],"wp:term":[{"taxonomy":"product_brand","embeddable":true,"href":"https:\/\/goride.it\/index.php?rest_route=%2Fwp%2Fv2%2Fproduct_brand&post=6560"},{"taxonomy":"product_cat","embeddable":true,"href":"https:\/\/goride.it\/index.php?rest_route=%2Fwp%2Fv2%2Fproduct_cat&post=6560"},{"taxonomy":"product_tag","embeddable":true,"href":"https:\/\/goride.it\/index.php?rest_route=%2Fwp%2Fv2%2Fproduct_tag&post=6560"}],"curies":[{"name":"wp","href":"https:\/\/api.w.org\/{rel}","templated":true}]}}