{"id":6548,"date":"2026-02-16T18:29:33","date_gmt":"2026-02-16T18:29:33","guid":{"rendered":"https:\/\/goride.it\/?post_type=product&#038;p=6548"},"modified":"2026-03-05T18:41:55","modified_gmt":"2026-03-05T18:41:55","slug":"kaabo-wolf-warrior-x-max-scooter","status":"publish","type":"product","link":"https:\/\/goride.it\/?product=kaabo-wolf-warrior-x-max-scooter","title":{"rendered":"Kaabo Wolf Warrior X Max Scooter"},"content":{"rendered":"<h3><strong>Nuovissimo<\/strong><br \/>\n<strong>warrior x max<\/strong><\/h3>\n<p>Il Warrior X MAX ridefinisce gli scooter ad alte prestazioni di media cilindrata: ora pi\u00f9 resistenti, fluidi e intuitivi che mai. Con una batteria pi\u00f9 capiente, un display intelligente e sospensioni di precisione, \u00e8 progettato per affrontare ogni tipo di percorso, dagli spostamenti quotidiani alle avventure del fine settimana. La potenza incontra la precisione. Il comfort incontra il controllo.<\/p>\n<h3><strong>Display centrale intelligente Kaabo<\/strong><\/h3>\n<p>Il Kaabo Warrior X Max \u00e8 dotato di un ampio display intelligente full-fit da 4 pollici, che garantisce una visibilit\u00e0 dei dati chiara e fluida. Con sblocco NFC, ricarica rapida e resistenza all&#8217;acqua IPX7, questo display \u00e8 progettato per funzionare in qualsiasi condizione, mantenendoti connesso e in controllo durante ogni percorso.<\/p>\n<div class=\"kb_vot-txt\">\n<p>&nbsp;<\/p>\n<p><img fetchpriority=\"high\" decoding=\"async\" class=\"aligncenter wp-image-6557 size-full\" src=\"https:\/\/goride.it\/wp-content\/uploads\/2026\/02\/Kaabo-Warrior-X-Max-Electric-Scooter-Handlebar-LCD-Display_jpg.webp\" alt=\"\" width=\"1800\" height=\"1800\" srcset=\"https:\/\/goride.it\/wp-content\/uploads\/2026\/02\/Kaabo-Warrior-X-Max-Electric-Scooter-Handlebar-LCD-Display_jpg.webp 1800w, https:\/\/goride.it\/wp-content\/uploads\/2026\/02\/Kaabo-Warrior-X-Max-Electric-Scooter-Handlebar-LCD-Display_jpg-300x300.webp 300w, https:\/\/goride.it\/wp-content\/uploads\/2026\/02\/Kaabo-Warrior-X-Max-Electric-Scooter-Handlebar-LCD-Display_jpg-1024x1024.webp 1024w, https:\/\/goride.it\/wp-content\/uploads\/2026\/02\/Kaabo-Warrior-X-Max-Electric-Scooter-Handlebar-LCD-Display_jpg-150x150.webp 150w, https:\/\/goride.it\/wp-content\/uploads\/2026\/02\/Kaabo-Warrior-X-Max-Electric-Scooter-Handlebar-LCD-Display_jpg-768x768.webp 768w, https:\/\/goride.it\/wp-content\/uploads\/2026\/02\/Kaabo-Warrior-X-Max-Electric-Scooter-Handlebar-LCD-Display_jpg-1536x1536.webp 1536w, https:\/\/goride.it\/wp-content\/uploads\/2026\/02\/Kaabo-Warrior-X-Max-Electric-Scooter-Handlebar-LCD-Display_jpg-600x600.webp 600w, https:\/\/goride.it\/wp-content\/uploads\/2026\/02\/Kaabo-Warrior-X-Max-Electric-Scooter-Handlebar-LCD-Display_jpg-100x100.webp 100w\" sizes=\"(max-width: 1800px) 100vw, 1800px\" \/><\/p>\n<h3>POTENZA E COPPIA COSTRUITE PER DOMINARE<\/h3>\n<p>La Warrior X Max offre prestazioni impressionanti in una struttura compatta e agile. Con una potenza massima del motore di 4032 W e una potente coppia di 30 Nm, offre un&#8217;accelerazione potente e un controllo sicuro, sia durante gli spostamenti quotidiani che su terreni impegnativi.<\/p>\n<p><img decoding=\"async\" class=\"aligncenter wp-image-6555 size-full\" src=\"https:\/\/goride.it\/wp-content\/uploads\/2026\/02\/Kaabo-Warrior-X-Max-Electric-Scooter-Front-Motor-Wheel-Fender_jpg.webp\" alt=\"\" width=\"1800\" height=\"1800\" srcset=\"https:\/\/goride.it\/wp-content\/uploads\/2026\/02\/Kaabo-Warrior-X-Max-Electric-Scooter-Front-Motor-Wheel-Fender_jpg.webp 1800w, https:\/\/goride.it\/wp-content\/uploads\/2026\/02\/Kaabo-Warrior-X-Max-Electric-Scooter-Front-Motor-Wheel-Fender_jpg-300x300.webp 300w, https:\/\/goride.it\/wp-content\/uploads\/2026\/02\/Kaabo-Warrior-X-Max-Electric-Scooter-Front-Motor-Wheel-Fender_jpg-1024x1024.webp 1024w, https:\/\/goride.it\/wp-content\/uploads\/2026\/02\/Kaabo-Warrior-X-Max-Electric-Scooter-Front-Motor-Wheel-Fender_jpg-150x150.webp 150w, https:\/\/goride.it\/wp-content\/uploads\/2026\/02\/Kaabo-Warrior-X-Max-Electric-Scooter-Front-Motor-Wheel-Fender_jpg-768x768.webp 768w, https:\/\/goride.it\/wp-content\/uploads\/2026\/02\/Kaabo-Warrior-X-Max-Electric-Scooter-Front-Motor-Wheel-Fender_jpg-1536x1536.webp 1536w, https:\/\/goride.it\/wp-content\/uploads\/2026\/02\/Kaabo-Warrior-X-Max-Electric-Scooter-Front-Motor-Wheel-Fender_jpg-600x600.webp 600w, https:\/\/goride.it\/wp-content\/uploads\/2026\/02\/Kaabo-Warrior-X-Max-Electric-Scooter-Front-Motor-Wheel-Fender_jpg-100x100.webp 100w\" sizes=\"(max-width: 1800px) 100vw, 1800px\" \/><\/p>\n<div class=\"pii_bottom\">\n<h3>COMFORT E STABILIT\u00c0 CHE SI PERCEPONO<\/h3>\n<p>La Warrior X Max \u00e8 progettata per lunghe pedalate confortevoli, in tutta sicurezza a qualsiasi velocit\u00e0. Le sospensioni avanzate assorbono gli impatti stradali, mentre l&#8217;originale design a doppio stelo di Kaabo migliora la stabilit\u00e0 strutturale, offrendo un&#8217;esperienza di guida pi\u00f9 fluida e controllata.<\/p>\n<h3>Potenti freni idraulici per la massima sicurezza<\/h3>\n<p>La Kaabo Warrior X Max \u00e8 dotata di freni a disco idraulici ad alte prestazioni Zoom, che offrono una potenza di frenata fluida e precisa per una guida pi\u00f9 sicura e affidabile su qualsiasi terreno.<\/p>\n<\/div>\n<div class=\"pii_flow-item\">\n<div class=\"pii_large-image\">\n<div class=\"video-parent-section hero hero--template--18868850884769__product_icon_images_9Pg6hq hero--450px hero--mobile--250px wow fadeInUp loaded\" data-section-id=\"template--18868850884769__product_icon_images_9Pg6hq\" data-section-type=\"video-section\" data-mobile-natural=\"false\">\n<div class=\"hero__media hero__media--template--18868850884769__product_icon_images_9Pg6hq\">\n<div class=\"hero__media-container\">\n<div class=\"rte appear-delay-1\">\n<p><img decoding=\"async\" class=\"aligncenter wp-image-6556 size-full\" src=\"https:\/\/goride.it\/wp-content\/uploads\/2026\/02\/Kaabo-Warrior-X-Max-Electric-Scooter-Front-Suspension-Motor-Tire_jpg.webp\" alt=\"\" width=\"1800\" height=\"1800\" srcset=\"https:\/\/goride.it\/wp-content\/uploads\/2026\/02\/Kaabo-Warrior-X-Max-Electric-Scooter-Front-Suspension-Motor-Tire_jpg.webp 1800w, https:\/\/goride.it\/wp-content\/uploads\/2026\/02\/Kaabo-Warrior-X-Max-Electric-Scooter-Front-Suspension-Motor-Tire_jpg-300x300.webp 300w, https:\/\/goride.it\/wp-content\/uploads\/2026\/02\/Kaabo-Warrior-X-Max-Electric-Scooter-Front-Suspension-Motor-Tire_jpg-1024x1024.webp 1024w, https:\/\/goride.it\/wp-content\/uploads\/2026\/02\/Kaabo-Warrior-X-Max-Electric-Scooter-Front-Suspension-Motor-Tire_jpg-150x150.webp 150w, https:\/\/goride.it\/wp-content\/uploads\/2026\/02\/Kaabo-Warrior-X-Max-Electric-Scooter-Front-Suspension-Motor-Tire_jpg-768x768.webp 768w, https:\/\/goride.it\/wp-content\/uploads\/2026\/02\/Kaabo-Warrior-X-Max-Electric-Scooter-Front-Suspension-Motor-Tire_jpg-1536x1536.webp 1536w, https:\/\/goride.it\/wp-content\/uploads\/2026\/02\/Kaabo-Warrior-X-Max-Electric-Scooter-Front-Suspension-Motor-Tire_jpg-600x600.webp 600w, https:\/\/goride.it\/wp-content\/uploads\/2026\/02\/Kaabo-Warrior-X-Max-Electric-Scooter-Front-Suspension-Motor-Tire_jpg-100x100.webp 100w\" sizes=\"(max-width: 1800px) 100vw, 1800px\" \/><\/p>\n<p><img loading=\"lazy\" decoding=\"async\" class=\"aligncenter wp-image-6554 size-full\" src=\"https:\/\/goride.it\/wp-content\/uploads\/2026\/02\/Kaabo-Warrior-X-Max-Electric-Scooter-Rear-Wheel-Suspension-Disc-Brake_jpg.webp\" alt=\"\" width=\"1800\" height=\"1800\" srcset=\"https:\/\/goride.it\/wp-content\/uploads\/2026\/02\/Kaabo-Warrior-X-Max-Electric-Scooter-Rear-Wheel-Suspension-Disc-Brake_jpg.webp 1800w, https:\/\/goride.it\/wp-content\/uploads\/2026\/02\/Kaabo-Warrior-X-Max-Electric-Scooter-Rear-Wheel-Suspension-Disc-Brake_jpg-300x300.webp 300w, https:\/\/goride.it\/wp-content\/uploads\/2026\/02\/Kaabo-Warrior-X-Max-Electric-Scooter-Rear-Wheel-Suspension-Disc-Brake_jpg-1024x1024.webp 1024w, https:\/\/goride.it\/wp-content\/uploads\/2026\/02\/Kaabo-Warrior-X-Max-Electric-Scooter-Rear-Wheel-Suspension-Disc-Brake_jpg-150x150.webp 150w, https:\/\/goride.it\/wp-content\/uploads\/2026\/02\/Kaabo-Warrior-X-Max-Electric-Scooter-Rear-Wheel-Suspension-Disc-Brake_jpg-768x768.webp 768w, https:\/\/goride.it\/wp-content\/uploads\/2026\/02\/Kaabo-Warrior-X-Max-Electric-Scooter-Rear-Wheel-Suspension-Disc-Brake_jpg-1536x1536.webp 1536w, https:\/\/goride.it\/wp-content\/uploads\/2026\/02\/Kaabo-Warrior-X-Max-Electric-Scooter-Rear-Wheel-Suspension-Disc-Brake_jpg-600x600.webp 600w, https:\/\/goride.it\/wp-content\/uploads\/2026\/02\/Kaabo-Warrior-X-Max-Electric-Scooter-Rear-Wheel-Suspension-Disc-Brake_jpg-100x100.webp 100w\" sizes=\"(max-width: 1800px) 100vw, 1800px\" \/><\/p>\n<\/div>\n<\/div>\n<\/div>\n<\/div>\n<\/div>\n<div class=\"row__text text--left\">\n<div class=\"row__text-item\"><\/div>\n<\/div>\n<\/div>\n<\/div>\n","protected":false},"excerpt":{"rendered":"<p>POTENZA E COPPIA COSTRUITE PER DOMINARE Il Warrior X Max offre prestazioni impressionanti in una struttura compatta e agile.<\/p>\n","protected":false},"featured_media":6553,"comment_status":"open","ping_status":"closed","template":"","meta":[],"product_brand":[40],"product_cat":[41],"product_tag":[],"class_list":{"0":"post-6548","1":"product","2":"type-product","3":"status-publish","4":"has-post-thumbnail","6":"product_brand-kaabo","7":"product_cat-kaabo","8":"product_shipping_class-every-item","10":"first","11":"instock","12":"shipping-taxable","13":"purchasable","14":"product-type-variable"},"_links":{"self":[{"href":"https:\/\/goride.it\/index.php?rest_route=\/wp\/v2\/product\/6548","targetHints":{"allow":["GET"]}}],"collection":[{"href":"https:\/\/goride.it\/index.php?rest_route=\/wp\/v2\/product"}],"about":[{"href":"https:\/\/goride.it\/index.php?rest_route=\/wp\/v2\/types\/product"}],"replies":[{"embeddable":true,"href":"https:\/\/goride.it\/index.php?rest_route=%2Fwp%2Fv2%2Fcomments&post=6548"}],"version-history":[{"count":4,"href":"https:\/\/goride.it\/index.php?rest_route=\/wp\/v2\/product\/6548\/revisions"}],"predecessor-version":[{"id":7950,"href":"https:\/\/goride.it\/index.php?rest_route=\/wp\/v2\/product\/6548\/revisions\/7950"}],"wp:featuredmedia":[{"embeddable":true,"href":"https:\/\/goride.it\/index.php?rest_route=\/wp\/v2\/media\/6553"}],"wp:attachment":[{"href":"https:\/\/goride.it\/index.php?rest_route=%2Fwp%2Fv2%2Fmedia&parent=6548"}],"wp:term":[{"taxonomy":"product_brand","embeddable":true,"href":"https:\/\/goride.it\/index.php?rest_route=%2Fwp%2Fv2%2Fproduct_brand&post=6548"},{"taxonomy":"product_cat","embeddable":true,"href":"https:\/\/goride.it\/index.php?rest_route=%2Fwp%2Fv2%2Fproduct_cat&post=6548"},{"taxonomy":"product_tag","embeddable":true,"href":"https:\/\/goride.it\/index.php?rest_route=%2Fwp%2Fv2%2Fproduct_tag&post=6548"}],"curies":[{"name":"wp","href":"https:\/\/api.w.org\/{rel}","templated":true}]}}