{"id":5284,"date":"2026-02-03T05:27:39","date_gmt":"2026-02-03T05:27:39","guid":{"rendered":"https:\/\/goride.it\/?post_type=product&#038;p=5284"},"modified":"2026-04-06T18:12:34","modified_gmt":"2026-04-06T18:12:34","slug":"go-ride-r5s-foldable-electric-bike","status":"publish","type":"product","link":"https:\/\/goride.it\/?product=go-ride-r5s-foldable-electric-bike","title":{"rendered":"Victrip R5s Foldable Electric Bike"},"content":{"rendered":"<p>R5S \u2013 Potenza, prestazioni e sicurezza<\/p>\n<p><strong>COS&#8217;\u00c8 R5S?<\/strong><br \/>\nLa bici elettrica pieghevole R5S Step-Thru \u00e8 progettata per l&#8217;avventura, passando senza sforzo dalle strade cittadine ai sentieri pi\u00f9 accidentati. Con una batteria al litio LG da 48 V 20 Ah, offre fino a 100 km di autonomia, mentre la sua coppia di 80 Nm supera facilmente pendenze di 30-35\u00b0. Il telaio con scavalco basso, gli pneumatici larghi e le sospensioni complete offrono comfort e stabilit\u00e0 eccezionali su qualsiasi terreno. Progettata pensando alla sicurezza, la R5S soddisfa gli standard di sicurezza CE per una guida sicura e affidabile.<\/p>\n<p><img fetchpriority=\"high\" decoding=\"async\" class=\"aligncenter wp-image-5220 size-full\" src=\"https:\/\/goride.it\/wp-content\/uploads\/2026\/02\/1_209783ac-ebe5-4c2c-a697-8f2161f582d7-1.webp\" alt=\"\" width=\"1000\" height=\"1000\" srcset=\"https:\/\/goride.it\/wp-content\/uploads\/2026\/02\/1_209783ac-ebe5-4c2c-a697-8f2161f582d7-1.webp 1000w, https:\/\/goride.it\/wp-content\/uploads\/2026\/02\/1_209783ac-ebe5-4c2c-a697-8f2161f582d7-1-300x300.webp 300w, https:\/\/goride.it\/wp-content\/uploads\/2026\/02\/1_209783ac-ebe5-4c2c-a697-8f2161f582d7-1-100x100.webp 100w, https:\/\/goride.it\/wp-content\/uploads\/2026\/02\/1_209783ac-ebe5-4c2c-a697-8f2161f582d7-1-600x600.webp 600w, https:\/\/goride.it\/wp-content\/uploads\/2026\/02\/1_209783ac-ebe5-4c2c-a697-8f2161f582d7-1-150x150.webp 150w, https:\/\/goride.it\/wp-content\/uploads\/2026\/02\/1_209783ac-ebe5-4c2c-a697-8f2161f582d7-1-768x768.webp 768w\" sizes=\"(max-width: 1000px) 100vw, 1000px\" \/><\/p>\n<p><strong>Sistema a doppio ammortizzatore<\/strong><br \/>\nIspirati alla tecnologia avanzata delle sospensioni, gli ammortizzatori anteriori e posteriori offrono comfort e stabilit\u00e0 eccezionali. Dotato di due ammortizzatori, questo sistema assorbe efficacemente le asperit\u00e0, garantendo una guida pi\u00f9 fluida. Che si tratti di asfalto, sterrato o terreni rocciosi, questo design garantisce prestazioni ottimali e un controllo migliorato per una guida pi\u00f9 piacevole.<\/p>\n<p><strong>20&#8221;x4.0&#8221; FatTire<\/strong><br \/>\nBoth the front and rear feature 20&#8221; x 4.0&#8221; integrated 10-piece straight-rib tires, designed for maximum stability and durability. Built for strength and performance, these tires excel on flat roads, mountain trails, snow, and gravel, delivering superior grip and control on any terrain.<\/p>\n<p><img decoding=\"async\" class=\"aligncenter wp-image-7001 size-full\" src=\"https:\/\/goride.it\/wp-content\/uploads\/2026\/02\/20250122-113110-1.webp\" alt=\"\" width=\"1000\" height=\"1000\" srcset=\"https:\/\/goride.it\/wp-content\/uploads\/2026\/02\/20250122-113110-1.webp 1000w, https:\/\/goride.it\/wp-content\/uploads\/2026\/02\/20250122-113110-1-300x300.webp 300w, https:\/\/goride.it\/wp-content\/uploads\/2026\/02\/20250122-113110-1-150x150.webp 150w, https:\/\/goride.it\/wp-content\/uploads\/2026\/02\/20250122-113110-1-768x768.webp 768w, https:\/\/goride.it\/wp-content\/uploads\/2026\/02\/20250122-113110-1-600x600.webp 600w, https:\/\/goride.it\/wp-content\/uploads\/2026\/02\/20250122-113110-1-100x100.webp 100w\" sizes=\"(max-width: 1000px) 100vw, 1000px\" \/><\/p>\n<p><strong>LUCE INTELLIGENTE<br \/>\n<\/strong>La Victrip R5S \u00e8 dotata di un sistema di illuminazione ad alte prestazioni per una maggiore sicurezza e praticit\u00e0. Il fanale posteriore, la luce dei freni e gli indicatori di direzione integrati migliorano la visibilit\u00e0 e la sicurezza stradale. Un potente faro anteriore a LED garantisce un&#8217;illuminazione chiara in condizioni di scarsa illuminazione, rendendo ogni viaggio pi\u00f9 sicuro ed efficiente.<\/p>\n<p><img decoding=\"async\" class=\"aligncenter wp-image-7002 size-full\" src=\"https:\/\/goride.it\/wp-content\/uploads\/2026\/02\/20250305-182843.webp\" alt=\"\" width=\"1000\" height=\"1000\" srcset=\"https:\/\/goride.it\/wp-content\/uploads\/2026\/02\/20250305-182843.webp 1000w, https:\/\/goride.it\/wp-content\/uploads\/2026\/02\/20250305-182843-300x300.webp 300w, https:\/\/goride.it\/wp-content\/uploads\/2026\/02\/20250305-182843-150x150.webp 150w, https:\/\/goride.it\/wp-content\/uploads\/2026\/02\/20250305-182843-768x768.webp 768w, https:\/\/goride.it\/wp-content\/uploads\/2026\/02\/20250305-182843-600x600.webp 600w, https:\/\/goride.it\/wp-content\/uploads\/2026\/02\/20250305-182843-100x100.webp 100w\" sizes=\"(max-width: 1000px) 100vw, 1000px\" \/><\/p>\n<h3><strong>Dimensioni da chiuso<\/strong><\/h3>\n<p>Con soli 3 semplici passaggi, R5S pu\u00f2 essere ripiegato in 15 secondi.<br \/>\nPu\u00f2 essere ripiegato e trasportato in vari scenari, tra cui metropolitana, ascensori, autobus e bagagliai. Molto facile da riporre o da portare con s\u00e9 in viaggio.<br \/>\nDimensioni da chiuso: 94 x 64 x 91 cm<\/p>\n<h3><strong>Misura R5S<\/strong><br \/>\nA &#8211; Lunghezza totale: 170 cm<br \/>\nB &#8211; Altezza manubrio da terra: 125 cm<br \/>\nC &#8211; Altezza sella da terra: 72 cm<br \/>\nD &#8211; Lunghezza sella: 38 cm<br \/>\nE &#8211; Lunghezza manubrio: 62 cm<br \/>\nF &#8211; Interasse: 130 cm<\/h3>\n","protected":false},"excerpt":{"rendered":"<p>Foldable Electric City Bike | 250W Step Through Electric Bicycle<\/p>\n","protected":false},"featured_media":5294,"comment_status":"open","ping_status":"closed","template":"","meta":[],"product_brand":[39],"product_cat":[42],"product_tag":[],"class_list":{"0":"post-5284","1":"product","2":"type-product","3":"status-publish","4":"has-post-thumbnail","6":"product_brand-victrip","7":"product_cat-victrip","8":"product_shipping_class-every-item","10":"first","11":"instock","12":"sale","13":"shipping-taxable","14":"purchasable","15":"product-type-variable"},"_links":{"self":[{"href":"https:\/\/goride.it\/index.php?rest_route=\/wp\/v2\/product\/5284","targetHints":{"allow":["GET"]}}],"collection":[{"href":"https:\/\/goride.it\/index.php?rest_route=\/wp\/v2\/product"}],"about":[{"href":"https:\/\/goride.it\/index.php?rest_route=\/wp\/v2\/types\/product"}],"replies":[{"embeddable":true,"href":"https:\/\/goride.it\/index.php?rest_route=%2Fwp%2Fv2%2Fcomments&post=5284"}],"version-history":[{"count":5,"href":"https:\/\/goride.it\/index.php?rest_route=\/wp\/v2\/product\/5284\/revisions"}],"predecessor-version":[{"id":7940,"href":"https:\/\/goride.it\/index.php?rest_route=\/wp\/v2\/product\/5284\/revisions\/7940"}],"wp:featuredmedia":[{"embeddable":true,"href":"https:\/\/goride.it\/index.php?rest_route=\/wp\/v2\/media\/5294"}],"wp:attachment":[{"href":"https:\/\/goride.it\/index.php?rest_route=%2Fwp%2Fv2%2Fmedia&parent=5284"}],"wp:term":[{"taxonomy":"product_brand","embeddable":true,"href":"https:\/\/goride.it\/index.php?rest_route=%2Fwp%2Fv2%2Fproduct_brand&post=5284"},{"taxonomy":"product_cat","embeddable":true,"href":"https:\/\/goride.it\/index.php?rest_route=%2Fwp%2Fv2%2Fproduct_cat&post=5284"},{"taxonomy":"product_tag","embeddable":true,"href":"https:\/\/goride.it\/index.php?rest_route=%2Fwp%2Fv2%2Fproduct_tag&post=5284"}],"curies":[{"name":"wp","href":"https:\/\/api.w.org\/{rel}","templated":true}]}}